{"id":76,"date":"2022-08-30T16:12:53","date_gmt":"2022-08-30T16:12:53","guid":{"rendered":"http:\/\/www.shaolinqigongcenter.com\/?page_id=76"},"modified":"2022-11-10T12:53:47","modified_gmt":"2022-11-10T12:53:47","slug":"tienda","status":"publish","type":"page","link":"https:\/\/www.shaolinqigongcenter.com\/index.php\/tienda\/","title":{"rendered":"TIENDA"},"content":{"rendered":"\n<div class=\"wp-block-media-text alignwide is-stacked-on-mobile\"><figure class=\"wp-block-media-text__media\"><img loading=\"lazy\" decoding=\"async\" width=\"756\" height=\"998\" src=\"https:\/\/www.shaolinqigongcenter.com\/wp-content\/uploads\/2022\/09\/LIBRO-CLF.png\" alt=\"\" class=\"wp-image-109 size-full\" srcset=\"https:\/\/www.shaolinqigongcenter.com\/wp-content\/uploads\/2022\/09\/LIBRO-CLF.png 756w, https:\/\/www.shaolinqigongcenter.com\/wp-content\/uploads\/2022\/09\/LIBRO-CLF-227x300.png 227w\" sizes=\"auto, (max-width: 706px) 89vw, (max-width: 767px) 82vw, 740px\" \/><\/figure><div class=\"wp-block-media-text__content\">\n<p>Choy Lee Fut Kung Fu, La Herencia de los maestros.<\/p>\n\n\n\n<p>Uno de los mejores libros en espa\u00f1ol, donde se explican todas las posiciones, golpes, bloqueos, ejercicios etc, de este enigm\u00e1tico arte, escrito por uno de los maestros m\u00e1s reconocidos del mundo.<\/p>\n\n\n\n<p>PVP: 49.50<\/p>\n\n\n\n<p>P\u00c1GINAS: 155. <\/p>\n\n\n\n<p>Tapa blanda. Tama\u00f1o grande<\/p>\n\n\n\n<p>Solicitar por email: <sub>shaolinqigongcentre@gmail.com<\/sub><\/p>\n<\/div><\/div>\n\n\n\n<figure class=\"wp-block-gallery has-nested-images columns-default is-cropped wp-block-gallery-1 is-layout-flex wp-block-gallery-is-layout-flex\">\n<figure class=\"wp-block-image size-large\"><img loading=\"lazy\" decoding=\"async\" width=\"815\" height=\"1024\" data-id=\"230\" src=\"https:\/\/www.shaolinqigongcenter.com\/wp-content\/uploads\/2022\/11\/camiseta-hombre-basica-front-copia-815x1024.jpg\" alt=\"\" class=\"wp-image-230\" srcset=\"https:\/\/www.shaolinqigongcenter.com\/wp-content\/uploads\/2022\/11\/camiseta-hombre-basica-front-copia-815x1024.jpg 815w, https:\/\/www.shaolinqigongcenter.com\/wp-content\/uploads\/2022\/11\/camiseta-hombre-basica-front-copia-239x300.jpg 239w, https:\/\/www.shaolinqigongcenter.com\/wp-content\/uploads\/2022\/11\/camiseta-hombre-basica-front-copia-768x965.jpg 768w, https:\/\/www.shaolinqigongcenter.com\/wp-content\/uploads\/2022\/11\/camiseta-hombre-basica-front-copia-1223x1536.jpg 1223w, https:\/\/www.shaolinqigongcenter.com\/wp-content\/uploads\/2022\/11\/camiseta-hombre-basica-front-copia.jpg 1242w\" sizes=\"auto, (max-width: 767px) 89vw, (max-width: 1000px) 54vw, (max-width: 1071px) 543px, 580px\" \/><figcaption class=\"wp-element-caption\">15\u20ac<\/figcaption><\/figure>\n\n\n\n<figure class=\"wp-block-image size-large\"><img loading=\"lazy\" decoding=\"async\" width=\"225\" height=\"225\" data-id=\"229\" src=\"https:\/\/www.shaolinqigongcenter.com\/wp-content\/uploads\/2022\/11\/Unknown-copia.jpg\" alt=\"\" class=\"wp-image-229\" srcset=\"https:\/\/www.shaolinqigongcenter.com\/wp-content\/uploads\/2022\/11\/Unknown-copia.jpg 225w, https:\/\/www.shaolinqigongcenter.com\/wp-content\/uploads\/2022\/11\/Unknown-copia-150x150.jpg 150w, https:\/\/www.shaolinqigongcenter.com\/wp-content\/uploads\/2022\/11\/Unknown-copia-100x100.jpg 100w\" sizes=\"auto, (max-width: 225px) 100vw, 225px\" \/><figcaption class=\"wp-element-caption\">15\u20ac<\/figcaption><\/figure>\n\n\n\n<figure class=\"wp-block-image size-large\"><img loading=\"lazy\" decoding=\"async\" width=\"225\" height=\"225\" data-id=\"228\" src=\"https:\/\/www.shaolinqigongcenter.com\/wp-content\/uploads\/2022\/11\/images.jpg\" alt=\"\" class=\"wp-image-228\" srcset=\"https:\/\/www.shaolinqigongcenter.com\/wp-content\/uploads\/2022\/11\/images.jpg 225w, https:\/\/www.shaolinqigongcenter.com\/wp-content\/uploads\/2022\/11\/images-150x150.jpg 150w, https:\/\/www.shaolinqigongcenter.com\/wp-content\/uploads\/2022\/11\/images-100x100.jpg 100w\" sizes=\"auto, (max-width: 225px) 100vw, 225px\" \/><figcaption class=\"wp-element-caption\">15\u20ac<\/figcaption><\/figure>\n<\/figure>\n\n\n\n<figure class=\"wp-block-image size-full\"><img loading=\"lazy\" decoding=\"async\" width=\"497\" height=\"534\" src=\"https:\/\/www.shaolinqigongcenter.com\/wp-content\/uploads\/2022\/11\/D_NQ_NP_735221-MLM49886752936_052022-W.jpg\" alt=\"\" class=\"wp-image-234\" srcset=\"https:\/\/www.shaolinqigongcenter.com\/wp-content\/uploads\/2022\/11\/D_NQ_NP_735221-MLM49886752936_052022-W.jpg 497w, https:\/\/www.shaolinqigongcenter.com\/wp-content\/uploads\/2022\/11\/D_NQ_NP_735221-MLM49886752936_052022-W-279x300.jpg 279w\" sizes=\"auto, (max-width: 497px) 100vw, 497px\" \/><figcaption class=\"wp-element-caption\">40\/\u20ac<\/figcaption><\/figure>\n","protected":false},"excerpt":{"rendered":"<p>Choy Lee Fut Kung Fu, La Herencia de los maestros. Uno de los mejores libros en espa\u00f1ol, donde se explican todas las posiciones, golpes, bloqueos, ejercicios etc, de este enigm\u00e1tico arte, escrito por uno de los maestros m\u00e1s reconocidos del mundo. PVP: 49.50 P\u00c1GINAS: 155. Tapa blanda. Tama\u00f1o grande Solicitar por email: shaolinqigongcentre@gmail.com<\/p>\n","protected":false},"author":4,"featured_media":0,"parent":0,"menu_order":0,"comment_status":"closed","ping_status":"closed","template":"","meta":{"footnotes":""},"class_list":["post-76","page","type-page","status-publish","hentry"],"_links":{"self":[{"href":"https:\/\/www.shaolinqigongcenter.com\/index.php\/wp-json\/wp\/v2\/pages\/76","targetHints":{"allow":["GET"]}}],"collection":[{"href":"https:\/\/www.shaolinqigongcenter.com\/index.php\/wp-json\/wp\/v2\/pages"}],"about":[{"href":"https:\/\/www.shaolinqigongcenter.com\/index.php\/wp-json\/wp\/v2\/types\/page"}],"author":[{"embeddable":true,"href":"https:\/\/www.shaolinqigongcenter.com\/index.php\/wp-json\/wp\/v2\/users\/4"}],"replies":[{"embeddable":true,"href":"https:\/\/www.shaolinqigongcenter.com\/index.php\/wp-json\/wp\/v2\/comments?post=76"}],"version-history":[{"count":7,"href":"https:\/\/www.shaolinqigongcenter.com\/index.php\/wp-json\/wp\/v2\/pages\/76\/revisions"}],"predecessor-version":[{"id":235,"href":"https:\/\/www.shaolinqigongcenter.com\/index.php\/wp-json\/wp\/v2\/pages\/76\/revisions\/235"}],"wp:attachment":[{"href":"https:\/\/www.shaolinqigongcenter.com\/index.php\/wp-json\/wp\/v2\/media?parent=76"}],"curies":[{"name":"wp","href":"https:\/\/api.w.org\/{rel}","templated":true}]}}